{"id":77,"date":"2024-04-03T19:41:44","date_gmt":"2024-04-04T01:41:44","guid":{"rendered":"https:\/\/copriscam.campeche.gob.mx\/?page_id=77"},"modified":"2024-06-20T08:42:19","modified_gmt":"2024-06-20T14:42:19","slug":"copriscam","status":"publish","type":"page","link":"https:\/\/copriscam.campeche.gob.mx\/?page_id=77","title":{"rendered":"Misi\u00f3n y Visi\u00f3n"},"content":{"rendered":"<p>[et_pb_section fb_built=\u00bb1&#8243; _builder_version=\u00bb4.24.2&#8243; _module_preset=\u00bbdefault\u00bb custom_padding=\u00bb3px|||||\u00bb global_colors_info=\u00bb{}\u00bb][et_pb_row _builder_version=\u00bb4.24.2&#8243; _module_preset=\u00bbdefault\u00bb global_colors_info=\u00bb{}\u00bb][et_pb_column type=\u00bb4_4&#8243; _builder_version=\u00bb4.24.2&#8243; _module_preset=\u00bbdefault\u00bb global_colors_info=\u00bb{}\u00bb][et_pb_text _builder_version=\u00bb4.24.2&#8243; _module_preset=\u00bbdefault\u00bb header_font=\u00bb|700||on|||||\u00bb header_text_color=\u00bb#691C32&#8243; header_font_size=\u00bb36px\u00bb custom_margin=\u00bb||0px|||\u00bb hover_enabled=\u00bb0&#8243; global_colors_info=\u00bb{}\u00bb sticky_enabled=\u00bb0&#8243;]<\/p>\n<h1 style=\"text-align: center;\">Misi\u00f3n<\/h1>\n<p>[\/et_pb_text][et_pb_divider color=\u00bb#691C32&#8243; _builder_version=\u00bb4.24.2&#8243; _module_preset=\u00bbdefault\u00bb global_colors_info=\u00bb{}\u00bb][\/et_pb_divider][et_pb_text _builder_version=\u00bb4.24.2&#8243; _module_preset=\u00bbdefault\u00bb text_text_color=\u00bb#53565A\u00bb text_font_size=\u00bb18px\u00bb hover_enabled=\u00bb0&#8243; sticky_enabled=\u00bb0&#8243;]<\/p>\n<p style=\"text-align: justify;\"><span>Proteger a la poblaci\u00f3n campechana contra riesgos a la salud provocados por el uso y consumo de bienes y servicios, insumos para la salud, as\u00ed como por su exposici\u00f3n a factores ambientales y laborales, la ocurrencia de emergencias sanitarias y la prestaci\u00f3n de servicios de salud mediante la regulaci\u00f3n, control y prevenci\u00f3n de riesgos sanitarios.<\/span><\/p>\n<p>[\/et_pb_text][\/et_pb_column][\/et_pb_row][\/et_pb_section][et_pb_section fb_built=\u00bb1&#8243; _builder_version=\u00bb4.24.2&#8243; _module_preset=\u00bbdefault\u00bb custom_padding=\u00bb3px|||||\u00bb global_colors_info=\u00bb{}\u00bb][et_pb_row _builder_version=\u00bb4.24.2&#8243; _module_preset=\u00bbdefault\u00bb global_colors_info=\u00bb{}\u00bb][et_pb_column type=\u00bb4_4&#8243; _builder_version=\u00bb4.24.2&#8243; _module_preset=\u00bbdefault\u00bb global_colors_info=\u00bb{}\u00bb][et_pb_text _builder_version=\u00bb4.24.2&#8243; _module_preset=\u00bbdefault\u00bb header_font=\u00bb|700||on|||||\u00bb header_text_color=\u00bb#691C32&#8243; header_font_size=\u00bb36px\u00bb custom_margin=\u00bb||0px|||\u00bb hover_enabled=\u00bb0&#8243; global_colors_info=\u00bb{}\u00bb sticky_enabled=\u00bb0&#8243;]<\/p>\n<h1 style=\"text-align: center;\">Visi\u00f3n<\/h1>\n<p>[\/et_pb_text][et_pb_divider color=\u00bb#691C32&#8243; _builder_version=\u00bb4.24.2&#8243; _module_preset=\u00bbdefault\u00bb global_colors_info=\u00bb{}\u00bb][\/et_pb_divider][et_pb_text _builder_version=\u00bb4.24.2&#8243; _module_preset=\u00bbdefault\u00bb text_text_color=\u00bb#53565A\u00bb text_font_size=\u00bb18px\u00bb hover_enabled=\u00bb0&#8243; sticky_enabled=\u00bb0&#8243;]<\/p>\n<div id=\"div_block-376-50\" class=\"ct-div-block\">\n<div id=\"text_block-553-177\" class=\"ct-text-block\" style=\"text-align: justify;\">Ser la autoridad estatal que proteja contra riesgos sanitarios de forma confiable y eficaz, destacada por su capacidad t\u00e9cnica, operativa y regulatoria, as\u00ed como por su compromiso con el desarrollo humano y profesional de su personal, estableciendo e implementando pol\u00edticas, programas y proyectos con la coordinaci\u00f3n efectiva de los diferentes actores del \u00e1mbito p\u00fablico, privado y social, contribuyendo as\u00ed a la salud de la poblaci\u00f3n.<\/div>\n<\/div>\n<div id=\"div_block-377-50\" class=\"ct-div-block\"><\/div>\n<p>[\/et_pb_text][\/et_pb_column][\/et_pb_row][\/et_pb_section]<\/p>\n","protected":false},"excerpt":{"rendered":"<p>Misi\u00f3nProteger a la poblaci\u00f3n campechana contra riesgos a la salud provocados por el uso y consumo de bienes y servicios, insumos para la salud, as\u00ed como por su exposici\u00f3n a factores ambientales y laborales, la ocurrencia de emergencias sanitarias y la prestaci\u00f3n de servicios de salud mediante la regulaci\u00f3n, control y prevenci\u00f3n de riesgos sanitarios.Visi\u00f3n [&hellip;]<\/p>\n","protected":false},"author":1,"featured_media":0,"parent":0,"menu_order":0,"comment_status":"closed","ping_status":"closed","template":"","meta":{"_acf_changed":false,"_et_pb_use_builder":"on","_et_pb_old_content":"","_et_gb_content_width":"","footnotes":""},"class_list":["post-77","page","type-page","status-publish","hentry"],"acf":[],"_links":{"self":[{"href":"https:\/\/copriscam.campeche.gob.mx\/index.php?rest_route=\/wp\/v2\/pages\/77"}],"collection":[{"href":"https:\/\/copriscam.campeche.gob.mx\/index.php?rest_route=\/wp\/v2\/pages"}],"about":[{"href":"https:\/\/copriscam.campeche.gob.mx\/index.php?rest_route=\/wp\/v2\/types\/page"}],"author":[{"embeddable":true,"href":"https:\/\/copriscam.campeche.gob.mx\/index.php?rest_route=\/wp\/v2\/users\/1"}],"replies":[{"embeddable":true,"href":"https:\/\/copriscam.campeche.gob.mx\/index.php?rest_route=%2Fwp%2Fv2%2Fcomments&post=77"}],"version-history":[{"count":13,"href":"https:\/\/copriscam.campeche.gob.mx\/index.php?rest_route=\/wp\/v2\/pages\/77\/revisions"}],"predecessor-version":[{"id":128,"href":"https:\/\/copriscam.campeche.gob.mx\/index.php?rest_route=\/wp\/v2\/pages\/77\/revisions\/128"}],"wp:attachment":[{"href":"https:\/\/copriscam.campeche.gob.mx\/index.php?rest_route=%2Fwp%2Fv2%2Fmedia&parent=77"}],"curies":[{"name":"wp","href":"https:\/\/api.w.org\/{rel}","templated":true}]}}